Let q = 34 - k. What is the units digit of q?
6
Suppose 5*z = 7*z - 228. What is the hundreds digit of z?
1
Suppose 5*p = -3*o + 76, -5*o + 70 = -2*p + 7*p. Suppose -2*l - 13 - p = -2*b, 3*b + l = 25. What is the units digit of b?
0
Let z = 1 - 5. What is the tens digit of 1/z - 242/(-8)?
3
Suppose 2*z = 2*k - 4, 2*z + k = -0*k + 11. Suppose -z*g + 0*p = -4*p - 7, 0 = -5*p - 20. What is the units digit of 51/9 + (-1)/g?
6
Suppose 16*v = 22*v - 396. What is the units digit of v?
6
Let x(a) = a**3 + 8*a**2 - 11*a - 3. What is the tens digit of x(-9)?
1
Suppose -1 = 2*h - 7. Suppose 5*b + 0*x - h*x = 182, -b - 2*x = -26. What is the tens digit of b?
3
Let x(g) = 7*g + 5. Let f be x(-4). Let m = 37 + f. What is the tens digit of m?
1
Suppose 0*q - a = 3*q + 12, -2*a = 4*q + 18. Let d = 4 - q. Suppose -16 + d = -c. What is the units digit of c?
9
Let o = -100 + 185. What is the tens digit of o?
8
Let o(m) = m**2 + 3*m - 10. Let u = -23 + 16. Let j be o(u). Suppose -j = -2*l - 0. What is the units digit of l?
9
Suppose -2*t = 3*t - 10. Suppose -4*n - t*w + 16 = 0, -3*w + 22 = 6*n - n. What is the units digit of n?
2
Suppose 2*k - 309 = 3*v, 0 = -2*k + 5*v + 261 + 58. What is the units digit of k?
7
What is the tens digit of 8/(-6)*(-27)/2?
1
Suppose 4*n + 470 = 7*n - m, 4*n + m = 629. What is the hundreds digit of n?
1
Let r = 7 - 14. Let u(m) = -m**2 - 8*m - 3. What is the units digit of u(r)?
4
Let y be (-2 - -25)/((-2)/(-4)). Suppose -y = -5*t - 1. Suppose -4*m + m = -t. What is the units digit of m?
3
Let i = 3 + 4. Let f(l) = l - 5. Let d be f(5). Suppose d = 5*v - i - 18. What is the units digit of v?
5
Suppose 4*h = -p + 8, 5*h - 3 - 7 = 3*p. Suppose -4*v + 20 + 16 = p. What is the units digit of v?
9
Let z(t) be the first derivative of -6*t - 5/3*t**3 + 3*t**2 + 1 + 1/4*t**4. What is the units digit of z(4)?
2
Let d(z) = -3*z - 2. Let c be d(-2). Suppose -3*w + 4 = 5*l - c*l, -4*l = w - 60. What is the units digit of l?
6
Suppose 13 - 1 = 4*k. What is the tens digit of 1/k - (-580)/15?
3
Let r(d) be the second derivative of -7*d**3/6 - 3*d**2/2 + 10*d. What is the units digit of r(-1)?
4
What is the units digit of (108 + -3)*(-9)/(-15)?
3
Let i(g) = 2*g**2 - g. Let k be i(2). Suppose -5*o = -2*o + k. What is the units digit of (2 - (-21)/(-6))*o?
3
Let d(g) = g + 4. Let o be d(-6). Let j be -4 + 6 + (-24)/o. Let p = -7 + j. What is the units digit of p?
7
Let a(c) = -6*c**3 - c**2 - c. Let o be a(-1). Let u = -1 + o. What is the units digit of u + (-3 - (2 + -4))?
4
Suppose f - 16 = -0*f + 5*a, -3*f + 84 = 3*a. Suppose 0 = 2*u - 2*l - f - 26, 0 = -4*u + 3*l + 99. What is the units digit of 4/(-14) + 90/u?
4
Let y(o) = o - 2. Suppose -m = -0*m + 4. Let x be y(m). What is the units digit of (-6)/(-9) - 38/x?
7
Suppose 3*u - 5*u = -10. Let o be 0 - -2 - (-39)/3. Suppose -u*x - 3 = -3*x - 3*j, -5*j = -o. What is the units digit of x?
3
Let w = -7 + 4. What is the units digit of 25 - (-2)/6*w?
4
Suppose 204 = 5*n - 66. What is the tens digit of n?
5
What is the units digit of (0 - 0)/(-2) + 2*99?
8
Suppose -2*a - y + 571 = 0, a - y - 3*y = 299. What is the hundreds digit of a?
2
Let l = -2 + 8. Let w = 7 - l. What is the units digit of w?
1
Suppose 4*j - 1 = 3*j. Let m = j + 5. Suppose m*a = 3*a + 12. What is the units digit of a?
4
Suppose 2*b = -0*b + 4. Suppose 2*o = -6 + b. What is the units digit of (-13)/o + 1/2?
7
Suppose 4*p = -2*k - 0*k + 6, 5*p = -k + 6. Let z = p - -10. What is the units digit of z?
1
Suppose 2*s = -59 + 209. What is the units digit of s?
5
Let n(h) = 10*h**2 - 3*h - 1. What is the tens digit of n(-3)?
9
Suppose 0 = -3*m + 6*m - 4*t + 11, -5*t + 13 = -3*m. Let k(r) = -r**2 + 4*r + 1. Let y be k(3). Let l = y + m. What is the units digit of l?
3
Suppose m + 3*d + 12 = 0, 14 = -3*m + m - d. Let a = 14 - 7. Let w = a - m. What is the tens digit of w?
1
Let v(z) = 3*z**2 + 2*z - 23. What is the units digit of v(-6)?
3
Let w(f) = -28*f**3 - f. Let c be -2 + (-1)/(-3 + 2). Let u be w(c). Let h = u - 15. What is the tens digit of h?
1
Let w = -101 - -140. What is the tens digit of w?
3
Suppose 2*d = -2 + 6. Suppose -5*p = -7 + d. What is the units digit of p?
1
Suppose -2*k + 20 - 2 = 0. Suppose -k = b - 12. What is the units digit of b?
3
What is the hundreds digit of 3/1*(-139)/(-3)?
1
Let t(r) = r**2 - 23*r + 34. What is the tens digit of t(22)?
1
Let r(o) = o**3 + 7*o**2 - 7*o - 7. Let v be r(-7). Suppose -4*q + 2 = -v. Let m = q + -3. What is the units digit of m?
8
What is the tens digit of (-6)/9*123/(-1)?
8
Suppose 32 = b - 2*i + 3*i, -133 = -4*b - 5*i. What is the units digit of b?
7
Let j = 25 + -25. Suppose j = -2*h - h + 108. What is the tens digit of h?
3
Let n be -2 - (0 - 1) - -4. Suppose 4*z = 7 - n. What is the tens digit of (4/3)/(z/9)?
1
Let z be 1/((-1)/(-2)*-2). Let o be z/(2/(-64)*2). Suppose 3*i - o = 23. What is the units digit of i?
3
Suppose -h + 69 = -33. What is the units digit of h?
2
Suppose 0 = -3*f + 5*f - 4. Suppose f = 2*r - 4. What is the units digit of 1/(r/(-21))*-1?
7
Let j be (48/(-30))/(4/(-50)). Let s = j - 44. Let n = 41 + s. What is the tens digit of n?
1
Suppose 5*p - 2*k = -150, -4*p = -3*k + 42 + 71. What is the units digit of (0 - 0)/(-3) - p?
2
Let y be ((-2)/4)/((-12)/768). Let j = y + -19. What is the units digit of j?
3
Let r(a) = 22*a**2 - 2*a - 5. What is the tens digit of r(-2)?
8
Let m(l) = -2*l + 2. What is the tens digit of m(-10)?
2
Suppose 3*n + 6*d - 4*d - 40 = 0, -5*n + 62 = d. Suppose 4*o = -3*m + n, 5 = 5*o + m - 10. What is the units digit of o?
3
Let f(d) = -9*d + 2. Let s be f(4). Let g = -17 - s. Suppose -g - 1 = -3*k. What is the units digit of k?
6
Let m(i) = i**3 - i**2 - 4*i + 3. Let l be m(2). Let q be 3/l - (-43 - 0). Suppose 3*b - 4*n - q = -b, 5*b = n + 66. What is the units digit of b?
4
Suppose 2*t - 7*t = -20. Suppose -t*n + 4*q = -136, 0*n = -4*n - 5*q + 181. What is the units digit of n?
9
Let u(y) = 9*y**3 - 3*y**2 + 7*y + 4. What is the units digit of u(3)?
1
Suppose -3*o + 9 = 0, o = -l - 4*o + 21. Let d(u) = u - 6. Let b be d(l). Suppose b = -5*p + 4*t, -5*p - 2*t + 30 = -0*t. What is the units digit of p?
4
Suppose -q + 3*q = 0. Suppose -15 = -5*w - q*w. What is the units digit of w?
3
Let x(v) = v**2 + 26. Let r = 4 - 4. What is the units digit of x(r)?
6
Suppose -2*a + o + 8 = 0, -o = 3*a + a - 22. Suppose -3 = -x + a*i + 3, x - 10 = 3*i. What is the units digit of x?
6
Let a be (12/10)/(-2)*-5. Suppose -2*q + 16 = 4*l, -4*q - 2 = -2*l - 4. What is the units digit of (a - q - -10) + -2?
9
Suppose 4*i - 40 = 5*p, -2*p - 2*i + 0*i + 2 = 0. What is the units digit of 1*0/p - -3?
3
Let o be (16 - -1) + 14/(-7). Suppose 0 = v - 5*y - 17, -v + 2*y + o = -2*y. What is the units digit of v?
7
Let w be 196 - (-4 - -2)*2. Suppose w = 2*z + 2*z. What is the units digit of z?
0
Suppose -a - 108 = 5*k - 3*k, -k - 2*a = 54. Let d be 8*(k/(-8))/3. What is the units digit of 4/d - 7/(-9)?
1
Let g = -38 + 82. Let d = g - 21. What is the tens digit of d?
2
Let v be (-2)/(-8) + (-92)/(-16). Let p(l) = 3*l - 4. Let o be p(v). What is the units digit of 1/((-12)/o - -1)?
7
Let d(o) = -24*o - 9. What is the units digit of d(-4)?
7
Suppose 192 = 2*w + 2*k, -w + 5*k + 66 = -0*w. What is the tens digit of w?
9
Let u = 114 + -73. What is the tens digit of u?
4
Suppose 3*j + 3 = -3. Let i = 2 - j. Suppose 0*a + 16 = i*a. What is the units digit of a?
4
Let k = 463 - 224. What is the hundreds digit of k?
2
Suppose 3*l + 195 = 5*t, 0 = -0*t + 4*t + 5*l - 119. What is the tens digit of t?
3
Suppose 2*p - 580 = -3*j, -3*p - 2*j = -6*p + 870. What is the tens digit of p?
9
What is the units digit of 4/(-10)*(-1495)/13?
6
Suppose 0 = -4*l + l - 2*i + 45, -2*i - 75 = -5*l. Let d be (-72)/(-15) - (-3)/l. Suppose d*y + 0*y - 75 = 0. What is the tens digit of y?
1
Let c(o) = -4*o**2 - 1. Suppose 1 = 4*i + 5. Let d be c(i). Let w(v) = -v**2 - 5*v + 4. What is the units digit of w(d)?
4
Let p(f) = -f**2 - 9*f - 12. Let z be p(-9). Let l = -8 - z. What is the units digit of l?
4
Let s be (6/15)/(2/10). Suppose s*o = 3*o - 12. What is the units digit of o?
2
Let h = 0 + 0. Let d(w) be the third derivative of -w**6/120 - w**4/24 + 4*w**3/3 + 3*w**2. What is the units digit of 